t t = 48 - d. What is the tens digit of t?
2
Let i(k) = -5*k**2 - 3*k - 6. Let w be i(4). Let o = -93 - w. Let y(j) = 2*j**3 - 2*j**2 + 10*j - 22. What is the hundreds digit of y(o)?
2
What is the tens digit of 141501/11 - (-1245)/4565?
6
Let r be ((-5)/(-15))/(1/225). Let w be 38/(-14) + 3 + (-3492)/(-28). Let g = w - r. What is the units digit of g?
0
Let g(w) = -8*w + 5. Let r = 3 - -8. Let f = 5 - r. What is the units digit of g(f)?
3
Suppose 0 = -19*i + 2264 + 2087. Let y = i - -668. What is the hundreds digit of y?
8
Suppose 5*g + 8401 = -3*r + 43489, 5*r + 3*g = 58496. What is the hundreds digit of r?
7
Let k = 48075 + -29165. What is the units digit of k?
0
Suppose 0 = -4*d + 3*b + 13 - 4, 6 = -d - 2*b. Suppose d = -12*f + 21*f - 738. What is the units digit of f?
2
Let y(u) = -13 + 52 + 0*u + 13*u**2 + 9*u**3 - 6*u - 8*u**3. What is the tens digit of y(-9)?
1
Suppose -7*t + 5 + 23 = 0. Let r = -2 + t. What is the hundreds digit of (-6)/(144/(-5356)) + r/(-12)?
2
Suppose -2*h + 3*h = 3. Suppose 3*w = -4*b + 2243, 251 = w + h*b - 500. What is the tens digit of w?
4
Let z(h) = -2 - h - 13 - 18*h - 11*h. What is the units digit of z(-4)?
5
Let t = 34564 - 24339. What is the thousands digit of t?
0
Suppose -b + 0*b - 5 = 5*a, 0 = 3*b + 5*a + 15. What is the tens digit of (258/(-8))/(b/20)?
2
Let r be (-11)/(-3) - 102/153. Suppose y = r*k - 2670, y - 2670 = -3*k + 4*y. What is the units digit of k?
0
Let x(r) be the first derivative of 11*r**4/4 + r**2/2 + 2*r + 15. Let q be x(-1). What is the units digit of (7/(-70) - (-2)/(-5))*q?
5
Suppose 108170 = 5*x - 7*q + 2*q, -5*x + 108174 = -q. What is the hundreds digit of x?
6
Suppose -5*i + 2*i = -6. Let v(w) = 165*w - 8. Let q be v(i). What is the units digit of 2/(-8)*-2*q?
1
Let q = 7972 + -1779. What is the thousands digit of q?
6
Suppose -2*q = -5*w + 141783, -2*w + 17825 + 38884 = -5*q. What is the hundreds digit of w?
3
Suppose 5*g + 843 + 235 = 4*l, -4*l = 3*g - 1062. Suppose -2*w = -3*j - 534, -w - 3*j - 2*j = -l. What is the units digit of w?
7
Let u = 14349 + -7550. What is the thousands digit of u?
6
Let v = 874 + 2772. What is the units digit of v?
6
Suppose -13*v - 23 = -75. Suppose v*x + 4 = 0, 4*i - 2*x = -3*x + 655. What is the hundreds digit of i?
1
Let l = -77 + 79. Suppose -3*t + l - 29 = 0. What is the units digit of 0 + -3 - t/6*46?
6
What is the thousands digit of (472*497/(-42))/(4/(-6))?
8
Let i = 5289 + -3681. Suppose 1762 = 10*a - i. What is the tens digit of a?
3
Let w(f) = -2*f - 14. Let q be w(-9). Suppose 2*a = -6*k + q*k - 2, 0 = 3*a + k - 5. Let z = a - -59. What is the tens digit of z?
6
Let o = -1465 - -2114. Suppose 33*g + 261 = 34*g. Suppose 7*q = o + g. What is the units digit of q?
0
Let d(a) = 843*a**2 + 10*a + 8. Let v = 273 + -274. What is the tens digit of d(v)?
4
Suppose 9*h - 6*h = -5*d, -h - 4*d - 7 = 0. What is the hundreds digit of (-3310)/(-4)*((-4)/h + 2)?
9
Suppose -2*j + 13516 = 3*n, 6*n - 2*n - 18003 = j. What is the tens digit of n?
0
Let j = 120 + -125. Let n(p) = 14*p**2 - 7*p - 31. What is the tens digit of n(j)?
5
What is the hundreds digit of 7 + 8 + -4*(-40)/(-32) + 2301?
3
Let b(c) = 1661*c - 1267. What is the tens digit of b(18)?
3
Let v = -4425 - -10112. What is the tens digit of v?
8
Suppose -4*h - 91 = -11. What is the hundreds digit of (-4 + 3)/(-5) + (-4636)/h?
2
Suppose 32*y - 40*y = 4*p - 54352, 0 = -2*p - 2*y + 27172. What is the units digit of p?
4
Let z(v) = -12*v**2 - 19*v - 6. Let l be z(-8). Let w = l + 1108. What is the tens digit of w?
8
Let a = 15550 + 11552. What is the ten thousands digit of a?
2
Suppose 46*n + 24425 + 42137 = 0. Let j = -681 - n. What is the hundreds digit of j?
7
What is the tens digit of ((-50908)/(-12))/(15/18)*5/1?
5
What is the hundreds digit of (34689/155)/(2/270)?
2
Let l = 1327 - 497. What is the units digit of l?
0
Let w(t) = -3076*t - 7*t**3 + 21*t**2 + 8*t**3 + 3077*t. What is the hundreds digit of w(-7)?
6
What is the tens digit of (-6)/10*(-8)/(-6) + (-24340752)/(-3440)?
7
Suppose -4*k = 14 - 42. Suppose 0 = -4*f + k + 1. Suppose p + f*p = 354. What is the tens digit of p?
1
Let k(o) = -3*o - 12. Let j be k(-5). Suppose -j*x - 329 = -32. Let m = 155 + x. What is the tens digit of m?
5
Let l be (-24)/(-9) - (-5)/15. Let x be (0*l/15)/5. Let b(k) = -k**2 - 5*k + 200. What is the units digit of b(x)?
0
Suppose -3*c - 4*m = -39252, 22*m + 52361 = 4*c + 19*m. What is the thousands digit of c?
3
Suppose -5 = -5*f + 20. Let t(o) = o**2 + o + 11. Let g be t(f). Let u = 92 - g. What is the units digit of u?
1
Suppose 5*b + 93 = y - 29, 4*y - 532 = -2*b. Suppose -f + 228 = 3*f. Let j = y - f. What is the tens digit of j?
7
Let f be -272 + ((-5)/(-15))/(2/(-24)). Let q = 510 + f. What is the tens digit of q?
3
Let j(q) = 2*q**2 + 18*q + 3. Let d be j(-9). Let n be -3 + ((0 - d)/(-3) - 72). What is the units digit of ((-1)/((-2)/n) + -2)*-1?
9
Let r be ((-1)/(-4))/((-10)/(-6040)). Suppose c + 3*c - 944 = 0. Let d = c - r. What is the tens digit of d?
8
Suppose -9*j + 27747 = -13091 - 22072. What is the hundreds digit of j?
9
Let n = -5084 + 9196. What is the units digit of n?
2
Let f = 5983 + -390. Suppose 443 = -10*t + f. What is the hundreds digit of t?
5
Let r(u) = -u**2 - 68*u - 919. Let m be r(-49). Let w be (-8)/(-6)*6/4. Suppose c + w = m. What is the tens digit of c?
1
Let l be (-4)/(-26) + (-13464)/143. Let x = l + 885. What is the hundreds digit of x?
7
Suppose w + 211 = -42. Let r = 368 + w. What is the units digit of r?
5
Let x be (-33)/6 - -6 - 910/(-4). Let w = x + -94. What is the hundreds digit of w?
1
Let g be 27 + 3 + -4 + (1 - 0). Suppose 4*a - 8 = 0, 3*v + 573 = -3*a + g. Let f = v + 331. What is the tens digit of f?
4
Let i(q) = q**3 - q**2 - 2*q + 3. Let l be i(2). Let p(c) = 38*c + 5. Let a(h) = 35*h + 6. Let m(d) = 5*a(d) - 4*p(d). What is the units digit of m(l)?
9
What is the ten thousands digit of (-84434514)/(-7998) - (-6)/129?
1
Let u = -47 + 40. Let s = 9 + u. Let g(w) = 20*w**2 - 3*w - 2. What is the units digit of g(s)?
2
Suppose 5*p + 592 = 1467. What is the tens digit of 2/(p/85 + -2)?
3
Suppose 77848 = 3*n + i, 2*i = 2*n - 70380 + 18492. Suppose 1160 = 18*q - n. What is the hundreds digit of q?
5
Let p(t) = 44*t**3 + 7*t**2 - 12*t - 5. Let h be p(2). Suppose -4*q - 4*u + h + 93 = 0, 192 = 2*q - 4*u. What is the tens digit of q?
0
Let o = 22877 + -14275. What is the tens digit of o?
0
Let y(r) = r**3 + 5*r**2 + 2*r - 3. Suppose 0 + 4 = -c. Let j be y(c). Suppose t - 136 = -3*i, -2*t = j*i - 101 - 167. What is the units digit of t?
4
Suppose -z + 2*f = -7, -3*z + 4*z = 5*f + 13. Let m be 1 - ((-3)/z - 0). What is the units digit of m/1*26 - 4?
8
Suppose 4*w - 24 = -4*y, -3*y + 9*w = 8*w - 18. Let b(x) = 51*x + 33. What is the hundreds digit of b(y)?
3
Suppose -4*f + 16 = -0*f. Suppose -3*t + 2*m - 70 = 0, -4*m = -f - 4. What is the units digit of t/(-5) - (-30)/(-75)?
4
Let i(t) be the third derivative of t**6/60 + t**5/20 - t**3/6 - t**2 - 5*t. What is the units digit of i(7)?
2
Suppose -8*r + 3386 = -3438. Let q = r - -73. What is the hundreds digit of q?
9
Let u = -503 - -517. Let q(z) = 5*z**2 - z + 25. What is the tens digit of q(u)?
9
Suppose -3*j + 90927 = -4*w, 2*j = w - 1142 + 23870. Let y(r) = r**3 + 9*r**2 + 8*r + 4. Let k be y(-8). What is the tens digit of k/22 - w/198?
1
Let s(k) = 21*k - 65. Let o be s(3). Let a(x) = 79*x**2 - 18*x - 34. What is the units digit of a(o)?
8
Suppose -6 = 4*a - 22. Suppose 113 = 4*y - 4*m - 223, 346 = a*y - 2*m. Suppose -93 = -o + r, o + r - y = 6*r. What is the units digit of o?
4
Let r be ((-8)/(-2) + -4)/(1*-2). Suppose r = -6*c - 1 + 25. What is the units digit of 1/((-6)/c) + (-715)/(-15)?
7
Let u(z) = 2 + 37*z - 2*z**2 - 3 - 5. Suppose 22*g - 267 = 63. What is the tens digit of u(g)?
9
Suppose -2 = 4*s - 5*l + 9, 17 = -3*s - 5*l. Suppose -4*f = 2*r - 509 + 97, f = -r + 101. What is the tens digit of (f/20)/(s*(-2)/32)?
2
Let n(c) = 320*c - 60. What is the units digit of n(37)?
0
Let b(a) be the third derivative of 41*a**6/720 - 7*a**5/120 + 7*a**4/8 + 14*a**2. Let s(z) be the second derivative of b(z). What is the tens digit of s(4)?
5
Let c = 255 - 243. What is the units digit of c/(-1)*(-5 - 954/27)?
4
Let w